ainder when 131043 is divided by 2489.
1615
Calculate the remainder when 2223895 is divided by 100.
95
Calculate the remainder when 7585005 is divided by 1010.
915
What is the remainder when 7589473 is divided by 2529811?
40
What is the remainder when 505816 is divided by 2268?
52
Calculate the remainder when 16181815 is divided by 1023.
1
What is the remainder when 55731 is divided by 1617?
753
Calculate the remainder when 399761 is divided by 4086.
3419
Calculate the remainder when 9375744 is divided by 852319.
235
Calculate the remainder when 3478919 is divided by 4676.
4651
Calculate the remainder when 68658425 is divided by 118.
7
What is the remainder when 709376 is divided by 10913?
31
Calculate the remainder when 102065 is divided by 2121.
257
Calculate the remainder when 831507 is divided by 2079.
1986
What is the remainder when 1144253 is divided by 372?
353
What is the remainder when 64940 is divided by 5846?
634
What is the remainder when 18798079 is divided by 510?
499
Calculate the remainder when 2846160 is divided by 71.
54
What is the remainder when 808647 is divided by 4633?
2505
What is the remainder when 118412832 is divided by 3119?
3116
Calculate the remainder when 207696 is divided by 2656.
528
Calculate the remainder when 16265338 is divided by 468.
466
What is the remainder when 167412 is divided by 2202?
60
What is the remainder when 106840456 is divided by 27?
25
Calculate the remainder when 495525 is divided by 4164.
9
What is the remainder when 425676 is divided by 64?
12
Calculate the remainder when 219165 is divided by 13602.
1533
What is the remainder when 7793653 is divided by 3896818?
17
Calculate the remainder when 3906266 is divided by 236.
230
Calculate the remainder when 1389524 is divided by 14.
10
What is the remainder when 134515 is divided by 750?
265
Calculate the remainder when 706885 is divided by 1851.
1654
Calculate the remainder when 135496694 is divided by 33874168.
22
What is the remainder when 776649 is divided by 81?
21
Calculate the remainder when 1546379 is divided by 660.
659
What is the remainder when 11138341 is divided by 15844?
9
Calculate the remainder when 550019 is divided by 126.
29
What is the remainder when 2105775 is divided by 263221?
7
Calculate the remainder when 6383046 is divided by 155.
146
What is the remainder when 104308 is divided by 2265?
118
What is the remainder when 83979 is divided by 993?
567
What is the remainder when 988463 is divided by 2650?
13
Calculate the remainder when 82185 is divided by 231.
180
Calculate the remainder when 167754 is divided by 3727.
39
Calculate the remainder when 15026853 is divided by 101.
73
Calculate the remainder when 172497596 is divided by 91.
89
Calculate the remainder when 4643626 is divided by 1971.
1921
Calculate the remainder when 375819 is divided by 3680.
459
Calculate the remainder when 2359033 is divided by 10870.
243
What is the remainder when 149944 is divided by 8728?
1568
What is the remainder when 52155 is divided by 8675?
105
What is the remainder when 2117043 is divided by 3033?
9
Calculate the remainder when 702479 is divided by 3736.
111
Calculate the remainder when 144260 is divided by 751.
68
What is the remainder when 2870563 is divided by 2563?
3
What is the remainder when 176311 is divided by 5860?
511
Calculate the remainder when 16753964 is divided by 28.
24
What is the remainder when 50508222 is divided by 544?
542
Calculate the remainder when 5604851 is divided by 4811.
36
Calculate the remainder when 1562657 is divided by 2653.
40
What is the remainder when 17385201 is divided by 198?
9
Calculate the remainder when 131087 is divided by 21838.
59
Calculate the remainder when 15994569 is divided by 1777171.
30
What is the remainder when 93428 is divided by 14732?
5036
Calculate the remainder when 263461042 is divided by 242.
240
Calculate the remainder when 65451380 is divided by 439271.
1
Calculate the remainder when 171350346 is divided by 15.
6
Calculate the remainder when 84479 is divided by 1979.
1361
What is the remainder when 48573 is divided by 165?
63
What is the remainder when 495432 is divided by 4587?
36
What is the remainder when 3190739 is divided by 1063579?
2
What is the remainder when 3248230 is divided by 5431?
492
What is the remainder when 273497 is divided by 136737?
23
What is the remainder when 2321310 is divided by 898?
878
Calculate the remainder when 1508129 is divided by 40.
9
What is the remainder when 13400381 is divided by 825?
731
What is the remainder when 4702290 is divided by 797?
787
Calculate the remainder when 12208848 is divided by 4069590.
78
Calculate the remainder when 2119009 is divided by 2119009.
0
What is the remainder when 3079097 is divided by 494?
489
What is the remainder when 104263556 is divided by 30?
26
What is the remainder when 2949 is divided by 969?
42
Calculate the remainder when 15132291 is divided by 398218.
7
What is the remainder when 616263 is divided by 7702?
103
What is the remainder when 638573 is divided by 13301?
125
What is the remainder when 45267 is divided by 11306?
43
What is the remainder when 404903 is divided by 19?
13
What is the remainder when 531705 is divided by 19?
9
What is the remainder when 4594 is divided by 623?
233
What is the remainder when 25319533 is divided by 14?
1
Calculate the remainder when 313796 is divided by 1133.
1088
What is the remainder when 9693959 is divided by 206254?
21
Calculate the remainder when 331357 is divided by 296.
133
Calculate the remainder when 4372975 is divided by 156.
139
Calculate the remainder when 1625983 is divided by 108398.
13
Calculate the remainder when 388756 is divided by 3527.
786
What is the remainder when 7227234 is divided by 2409077?
3
What is the remainder when 42788287 is divided by 64?
63
What is the remainder when 1014573 is divided by 381?
351
What is the remainder when 103092 is divided by 5147?
152
Calculate the remainder when 5891108 is divided by 51.
47
Calculate the remainder when 104161 is divided by 34565.
466
Calculate the remainder when 115026 is divided by 2250.
276
Calculate the remainder when 38642341 is divided by 10919.
0
Calculate the remainder when 221345 is divided by 7643.
7341
Calculate the remainder when 2414 is divided by 1202.
10
What is the remainder when 1363 is divided by 35?
33
What is the remainder when 22455227 is divided by 11227608?
11
Calculate the remainder when 18770857 is divided by 1427.
99
Calculate the remainder when 1708686 is divided by 284760.
126
Calculate the remainder when 3517750 is divided by 6791.
12
What is the remainder when 26203 is divided by 509?
244
What is the remainder when 1515970 is divided by 39891?
112
What is the remainder when 1094858 is divided by 562?
82
What is the remainder when 15130241 is divided by 185?
16
Calculate the remainder when 217497 is divided by 72396.
309
What is the remainder when 140000 is divided by 45122?
4634
What is the remainder when 274787 is divided by 576?
35
Calculate the remainder when 36148060 is divided by 160658.
10
Calculate the remainder when 690816 is divided by 518.
322
Calculate the remainder when 501336831 is divided by 167112275.
6
Calculate the remainder when 3065185 is divided by 4199.
4114
What is the remainder when 1298958278 is divided by 7169?
7168
Calculate the remainder when 36165 is divided by 15.
0
What is the remainder when 2710611 is divided by 2355?
6
Calculate the remainder when 39717944 is divided by 5253.
11
Calculate the remainder when 8094056 is divided by 67.
54
Calculate the remainder when 306304 is divided by 27845.
9
What is the remainder when 111781 is divided by 55809?
163
Calculate the remainder when 3489131461 is divided by 364.
361
What is the remainder when 862999 is divided by 862982?
17
Calculate the remainder when 57287284 is divided by 1408.
1396
Calculate the remainder when 663463 is divided by 94770.
73
Calculate the remainder when 95361 is divided by 47146.
1069
Calculate the remainder when 646169 is divided by 645858.
311
Calculate the remainder when 7886408 is divided by 95.
78
Calculate the remainder when 209522874 is divided by 28.
22
What is the remainder when 9246070 is divided by 2626?
2550
Calculate the remainder when 58